5 + (-16 - 24) + 47 - -55.
17
Evaluate -12 - (-29 - -28 - 30 - -105).
-86
What is (-55 - -92) + 14 + -1 + (-3 - -2 - 0)?
49
14 - (0 + 14 - 2)
2
108 + -107 + -112 - -72
-39
What is the value of 83 + 2 + 0 - (-43 + 38 - 2)?
92
73 + -61 - (15 + 4)
-7
What is (642 - 634) + (-1 - (-1 + -6))?
14
What is 18 - ((-3 - 21) + (17 - -67))?
-42
Evaluate 8 + -37 - 69 - (-19 + -2).
-77
What is -5 + 22 + -43 - -39?
13
What is the value of -188 + 101 + 58 + 118?
89
-64 + 3 - (-45 + 10)
-26
Evaluate (35 - (22 + -37)) + -8.
42
Calculate (53 + 1 - -1) + 11 + 272 + -293.
45
What is the value of -14 + (16 - 14 - -1) + 12?
1
Evaluate -7 + -10 + (48 - 43) - 9.
-21
What is the value of -90 - (-83 - (100 - 124))?
-31
What is 17 + (-16 - -8) + -5 + -6 + -98?
-100
What is the value of -27 + (2 - -16) - (-38 - -4)?
25
Evaluate -128 + 128 + (-13 - 10 - 67).
-90
Evaluate -9 + (-13 - (18 - -10)) - -11.
-39
What is (-1 + 38 - 1) + (-54 - (-44 - -35) - -37)?
28
Calculate 52 + 56 + -31 + -38.
39
What is the value of 46 + 33 + -77 - 1?
1
Evaluate 115 - (-11 + -24 + 154).
-4
Calculate 87 - (-80 - (-177 - -43)).
33
Evaluate -50 + (-50 - -6) + 106.
12
What is (88 - (-32 + 115)) + -80?
-75
Calculate 2 + 1 + 72 + (-31 - (-48 - -29)).
63
What is -32 + -28 + 2 + (18 - 2)?
-42
Evaluate (521 - 530) + (-1 - (17 - (-3 + 0))).
-30
6 - (-36 + 33) - -19
28
Evaluate (-2 - 0) + (11 + 0 - (-292 + 312)) - -78.
67
What is the value of -61 - (-47 + (-25 - -52))?
-41
-41 + 0 + (112 - (-176 + 282))
-35
-14 + (-6 - (-11 - 2)) - (0 + 6 + -37)
24
0 + (2 - 0) - (-2177 + 2215 + (-118 - 0))
82
12 - (15 - (-27 - 4)) - -20
-14
What is the value of 106 + (59 - 132) - (5 + 1 + -3)?
30
Evaluate -7 - (14 + (6 - 2 - 9 - -10 - 27)).
1
What is 37 + -2 + 1 + 2280 + -2266?
50
(1 - (-8 + -1) - ((136 - 35) + -170)) + -12
67
-16 - (-57 - ((20 - 41) + 3))
23
What is the value of 15 + (0 + -41 - (4 - (-17 + 36)))?
-11
Evaluate (-2 - (15 - 31)) + (-7 - -1) + 19 + -23.
4
What is the value of (16 - (-3 - -10)) + -9 - (-8 + (-6 - -6))?
8
What is the value of -31 + 5 - (83 - 62) - -28?
-19
Calculate -42 + 50 - 80 - -130.
58
Evaluate (1 - -46) + -13 - -6.
40
Calculate (45 - 1) + ((-61 - -37) + 33 - 6).
47
What is the value of -10 - ((-2 - -1 - 30) + (-1925 - -1919))?
27
What is -119 + 205 + -73 - (-3 + 0 + -18)?
34
What is 45 + 4 - (-583 - -677)?
-45
What is 99 + 6 + -240 + 61?
-74
(-1 - -36) + (-758 - -794) + (-49 - 0)
22
Calculate (-13 - (14 + 4 - (-20 + 63))) + -107 + 1.
-94
Calculate -1 - 21 - ((-8 + -16 - -1) + 25).
-24
What is -3 + (12 - 2) + (2412 - 2408) - -77?
88
Calculate -48 - (-3 - (2 - (-6 + -6 + 16))).
-47
(44 - 42 - 34) + (126 - 6)
88
Evaluate 3 + -85 + 0 - (7 + -1 + 0).
-88
Calculate (209 - 64) + -90 + -80.
-25
What is the value of (5 - 0) + -40 + (143 - 107) - (1 + -102)?
102
What is the value of 12 + 82 + -98 + -6?
-10
77 + (-117 - -129) + -112
-23
(-1089 - -1036) + 2 + 22
-29
Calculate (133 - (181 - 47)) + 1 + -2 + 2 + 5.
5
Calculate -14 - (-68 + 80 - 41).
15
Evaluate 17 + (59 - -6) + (-35 - -65) + -31.
81
-129 + 80 + 117 - ((-1 - -2) + -2 - -9)
60
Evaluate -13 - -19 - (54 - (26 - 19)).
-41
Evaluate 51 - 57 - -54 - 47.
1
What is the value of 30 + (42 + -12 - (-13 + 122))?
-49
Calculate (21 + -16 - 33) + 30 + -1 + -2 + 72.
71
Calculate (-16 - -8) + -2 - (-67 - 1 - (7 - 2)).
63
Calculate (-11 - ((15 - 9) + -3)) + 3 + -7.
-18
14 - (-31 - (12 + 9 + -33))
33
Calculate (1 - 68) + (-6 - (8 + -27 - (-59 - -46))).
-67
What is (-175 + 254 - -35) + (-2 - -7) + 2?
121
What is the value of (36 - -1) + (-297 + 523 - 213)?
50
What is the value of ((-3 - -32 - 20) + -129 - -16) + 6?
-98
Evaluate -13 + (-13 - ((-11 - (0 - 14)) + -2)).
-27
-6 - (-16 - ((-3 - -3 - -10) + -9 + 12))
23
28 + -2 + (1656 - 1668)
14
What is 31476 - 31574 - (-1 - 199)?
102
Evaluate (157 - 75) + -33 + -17.
32
Evaluate -2 - -1 - 69 - (51 + -38 + -22) - -7.
-54
Calculate (34 + -14 - 28) + -36.
-44
(-11 - -27) + (3 - 60) - -20
-21
(-10 - 2) + (83 - (-35 + 95))
11
What is the value of -25 + 16 + -59 + -4 + 17?
-55
(-94 - (0 + 0)) + -1 + (624718 - 624727)
-104
8 - (15 + 4) - (55 + -68 + 1 + 9)
-8
Evaluate 43 + -47 + (-42 - -34).
-12
55 - (-12 + 2 - ((-4 - -24) + (6 - 24)))
67
(-53 - ((-1 - 25) + 3 + 11)) + (0 - -1)
-40
Evaluate 27 + (12 - (-9 + 136)).
-88
Evaluate (-15 - (4 + -4 + -3)) + (-9 - (-17 + 7)).
-11
What is (-56 - -55) + 31 - 71?
-41
Calculate 208 - 76 - (204 - 160).
88
Evaluate -127 - (-190 + (3 - -115)).
-55
26 - (199 + -61 + -102)
-10
Evaluate 11 - (-8 - 1) - (-38 - -33) - -4.
29
Evaluate -71 - (-17 + 12 + 0 - (1 + 2)).
-63
530 + -482 + (-3 - 4)
41
Calculate 1 + -8 - (-1 + -19 + 15) - 17.
-19
What is 18 - (-77 + 95 - (37 + 8))?
45
51 - (0 - 38) - (-21 + 10)
100
Calculate (-54 - -11) + 23 + (-8 - -2 - -58).
32
What is -15 + (34 - 43) + (-57 - -1)?
-80
Calculate 898 + -892 - (8 - 16).
14
17 - 17 - (13 - (3 + -24 + -8))
-42
(11 - -1) + 31 + (-54 - 68) + (-6 - -6)
-79
What is -12 - -78 - -6 - (-2 + (17 - -1))?
56
Calculate -30 + 17 + 57 + -13.
31
Evaluate -53 + (5 + (-1 - 5) - (44 - 49)).
-49
What is (341 - 669) + 437 - (-35 - -1)?
143
8 + 32 + -31 + (-13 + 20 - (-4 - -2))
18
What is (-71 - (1 - -17)) + -1 + 6 + 8?
-76
Calculate (3 - 2) + 45 + 0 + (-81 - (193 - 275)).
47
Evaluate (26 - (72 + -15)) + 46.
15
What is 6 - (-8 - ((10 - -9 - 19) + 11))?
25
Calculate -49 + 19 + (48 - 33).
-15
What is the value of 25 - (13 + 3 + 11 + -6 + -19)?
23
(-10 + -8 - 64 - (5 + (0 - -6))) + 9
-84
What is 22 - (30 - (44 + -22)) - 35?
-21
Evaluate -25 - (16 - 88) - 35.
12
1 - (-43 - (17 - (8 - (0 + -1))))
52
Evaluate 1 + -15 + 4 + -22 + 85 + 8.
61
What is 1282 - 1275 - (-5 - (-3 - ((-4 - 0) + -1)))?
14
Evaluate -8 + 75 + ((9 - 33) + 44 - -4).
91
Calculate -2 + 5 + 75 + -14 + -40.
24
What is the value of 7 - (-21 - -28) - ((-89 - -143) + (1 - -4))?
-59
What is 22 + ((-4 - 1) + 4 + 4 + -2 - 4)?
19
What is the value of -139 + 35 + (-1 - 29) + -5?
-139
Calculate 3 + 0 - ((-6 - -15) + 62).
-68
What is the value of 8 - (-45 + 37) - (-4 + (-1 - -95))?
-74
What is the value of 55 - (94 + -99 - (-11 - (-7 - -2)))?
54
Calculate 1 + -1 + 12 + -19 + 78.
71
Evaluate (4 - (-15 + 12) - 8) + -51 + -5 + 4.
-53
What is ((-12 - -17) + 11 - (11 - -4 - 8)) + 6?
15
Calculate 122 - (227 - (93 - 21)).
-33
Evaluate -36 - (36 + -56 - -8).
-24
What is the value of 0 - -3 - (11 - 17 - (-1 - (1 - -66)))?
-59
-11 - -9 - (1 - -1 - (11 - 3))
4
-56 - 18 - (5 - 23 - (-1 - 8))
-65
Evaluate -2 + 2 + 107 - (79 + (-126 - -54)).
100
What is the value of 150 + -149 + (2 - 2 - -28)?
29
Evaluate 71 + (-42 - 213) + 84.
-100
What is the value of (-3 - (2 + 2)) + (81 + -53 - 35)?
-14
What is (31 - (53 + 0)) + 18 + -6?
-10
Evaluate (-20 - 3 - (0 + -13)) + 17 + -83.
-76
What is the value of 2 - -30 - (-133 + 274 + -68)?
-41
Calculate -27 + -32 + 9 + 15 + -3.
-38
What is (1 - (3 + 7 + -20)) + -16 - 25?
-30
What is the value of -58 - (-105 + (-24 - -15))?
56
-257 + 91 + (165 - 108)
-109
What is -16 + (42 - 19) + 23 + 0 + 0?
30
Calculate 8 - (-42 - (-26 - -27)).
51
Evaluate 54 - (-8 + -97 + 202).
-43
1 - ((12 - 1) + (-53 - -84)) - (-14 + 0)
-27
Calculate -158 + (-3 - (11 + -13 + -18)).
-141
Evaluate 94 + -31 - (-10 - 2 - (4 + 0) - -6).
73
Evaluate 29 - (10 - -1) - 42 - 56.
-80
What is the value of 131 - (16 + (34 - -21))?
60
Evaluate 531 + -301 + -165 - (3 + 0 + -2 + 7).
57
What is the value of (1 + 11 - 31) + (6 - 10 - -1 - -7)?
-15
What is -1 + 1 + (-80 - -83) + (72 - 51)?
24
What is the value of -1229 - -1299 - (66 - 1)?
5
Calculate -32 + (-8 - -33) + 28 - 23.
-2
Calculate 140 - 111 - (2 + -12) - 12.
27
What is the value of 8 - (-1 + -14 + 72 + -1 + 2)?
-50
(1 - ((26 - 23) + (-31 - -2))) + 3
30
What is (-2 - 16) + (23 - (60 + -55)) + 90?
90
What is the value of 210 - 144 - (-23 + 116)?
-27
Calculate -6 + (15 - 3) + (-5 - (-13 - 130 - -14)).
130
Evaluate -41 + 33 + 34 + -49.
-23
What is the value of 120 + (2 - (-4 - -3)) + -2423 + 2403?
103
Evaluate 188 + -206 + (-10 - 29).
-57
What is the value of 39 - 8 - (24 + -3)?
10
What is -32 + 28 + -18 - (0 - -16)?
-38
(-8 - (-22 - -8)) + 2 + -16 - -45
37
42 + -23 + 25 + -49
-5
Calculate -65 + -84 - -65 - (-3 + 15).
-96
Evaluate -91 + 58 - ((7 - -1 - 10) + 27).
-58
14 + -74 - (217 + -349)
72
What is the value of 42 - (20 + 5) - 63?
-46
Evaluate -4 + -7 - (3 - (16 + -2